{"id":21,"date":"2012-06-05T12:47:27","date_gmt":"2012-06-05T12:47:27","guid":{"rendered":"http:\/\/www.keski-suomenajokoirayhdistys.org\/?page_id=21"},"modified":"2025-12-16T17:14:38","modified_gmt":"2025-12-16T14:14:38","slug":"organisaatio","status":"publish","type":"page","link":"https:\/\/www.keski-suomenajokoirayhdistys.org\/?page_id=21","title":{"rendered":"Organisaatio"},"content":{"rendered":"<p><strong>KESKI-SUOMEN AJOKOIRAYHDISTYS RY<\/strong><\/p>\n<p>perustamisvuosi 1967<\/p>\n<p><strong>Hallitus 2024<\/strong><\/p>\n<p><span style=\"text-decoration: underline;\">Puheenjohtaja<\/span> Jani M\u00e4\u00e4r\u00e4nen<br \/>\np. 040 719 6140, janimaaranen@gmail.com<\/p>\n<p><span style=\"text-decoration: underline;\">Varapuheenjohtaja<\/span>\u00a0Juha Matti Paananen<a href=\"mailto:tarmo.leinonen@luukku.com\" target=\"_blank\" rel=\"noopener noreferrer\"><br \/>\n<\/a><\/p>\n<p><span style=\"text-decoration: underline;\">Sihteeri<\/span> Timo Mertanen<br \/>\np. 040-8452035<\/p>\n<p>J\u00e4sensihteeri Heli Nieminen<br \/>\np.040-5164283, ksajok.jasensihteeri@gmail.com<\/p>\n<p>Reelika Kotonen (Hallituksen j\u00e4sen)<\/p>\n<p>Timo Kiiski (Hallituksen j\u00e4sen)<\/p>\n<p>Ville V\u00e4h\u00e4tiitto (Hallituksen j\u00e4sen)<\/p>\n<p>Ismo Rautiainen (Hallituksen j\u00e4sen)<\/p>\n<p>Topi Savij\u00e4rvi (Hallituksen j\u00e4sen)<\/p>\n<p><strong>Ty\u00f6valiokunta:<\/strong><\/p>\n<p>Hallitus<\/p>\n<p><strong>Oikarin varaukset:<\/strong><\/p>\n<p>Tarja Hakkarainen<\/p>\n<p>P.040 706 9228<\/p>\n<p>J\u00e4senmaksu: Vuosij\u00e4sen 25 \u20ac, perhej\u00e4sen 10 \u20ac, ainaisj\u00e4sen 200 \u20ac<br \/>\nTili: FI96 5290 0240 1338 82<\/p>\n<p>Kun liityt j\u00e4seneksi, ota yhteys j\u00e4sensihteeriin, jotta saat oman henkil\u00f6kohtaisen viite-\/ j\u00e4sennumeron. Samalla osoitteesi tallentuu j\u00e4senrekisteriin ja saat kaikki j\u00e4senpostitukset.<\/p>\n","protected":false},"excerpt":{"rendered":"<p>KESKI-SUOMEN AJOKOIRAYHDISTYS RY perustamisvuosi 1967 Hallitus 2024 Puheenjohtaja Jani M\u00e4\u00e4r\u00e4nen p. 040 719 6140, janimaaranen@gmail.com Varapuheenjohtaja\u00a0Juha Matti Paananen Sihteeri Timo Mertanen p. 040-8452035 J\u00e4sensihteeri Heli Nieminen p.040-5164283, ksajok.jasensihteeri@gmail.com Reelika Kotonen (Hallituksen j\u00e4sen) Timo Kiiski (Hallituksen j\u00e4sen) Ville V\u00e4h\u00e4tiitto (Hallituksen j\u00e4sen) &hellip; <a class=\"more-link\" href=\"https:\/\/www.keski-suomenajokoirayhdistys.org\/?page_id=21\">Continue reading <span class=\"meta-nav\">&rarr;<\/span><\/a><\/p>\n","protected":false},"author":1,"featured_media":0,"parent":85,"menu_order":1,"comment_status":"closed","ping_status":"closed","template":"","meta":{"footnotes":""},"class_list":["post-21","page","type-page","status-publish","hentry"],"_links":{"self":[{"href":"https:\/\/www.keski-suomenajokoirayhdistys.org\/index.php?rest_route=\/wp\/v2\/pages\/21","targetHints":{"allow":["GET"]}}],"collection":[{"href":"https:\/\/www.keski-suomenajokoirayhdistys.org\/index.php?rest_route=\/wp\/v2\/pages"}],"about":[{"href":"https:\/\/www.keski-suomenajokoirayhdistys.org\/index.php?rest_route=\/wp\/v2\/types\/page"}],"author":[{"embeddable":true,"href":"https:\/\/www.keski-suomenajokoirayhdistys.org\/index.php?rest_route=\/wp\/v2\/users\/1"}],"replies":[{"embeddable":true,"href":"https:\/\/www.keski-suomenajokoirayhdistys.org\/index.php?rest_route=%2Fwp%2Fv2%2Fcomments&post=21"}],"version-history":[{"count":36,"href":"https:\/\/www.keski-suomenajokoirayhdistys.org\/index.php?rest_route=\/wp\/v2\/pages\/21\/revisions"}],"predecessor-version":[{"id":1384,"href":"https:\/\/www.keski-suomenajokoirayhdistys.org\/index.php?rest_route=\/wp\/v2\/pages\/21\/revisions\/1384"}],"up":[{"embeddable":true,"href":"https:\/\/www.keski-suomenajokoirayhdistys.org\/index.php?rest_route=\/wp\/v2\/pages\/85"}],"wp:attachment":[{"href":"https:\/\/www.keski-suomenajokoirayhdistys.org\/index.php?rest_route=%2Fwp%2Fv2%2Fmedia&parent=21"}],"curies":[{"name":"wp","href":"https:\/\/api.w.org\/{rel}","templated":true}]}}